{"id":63,"date":"2024-04-15T16:35:11","date_gmt":"2024-04-15T19:35:11","guid":{"rendered":"https:\/\/puzzleconsultoria.com.br\/?page_id=63"},"modified":"2025-02-27T17:10:43","modified_gmt":"2025-02-27T20:10:43","slug":"blog","status":"publish","type":"page","link":"https:\/\/puzzleconsultoria.com.br\/index.php\/blog\/","title":{"rendered":"Blog"},"content":{"rendered":"<p><img decoding=\"async\" width=\"298\" height=\"135\" src=\"https:\/\/puzzleconsultoria.com.br\/wp-content\/uploads\/2024\/04\/logo-puzzle-semfundo.png\" alt=\"\" \/>\t\t\t\t\t\t\t\t\t\t\t\t\t<\/p>\n<p>Seja bem-vindo ao Blog da Puzzle<\/p>\n<article data-id=\"1979\">\n            <a href=\"https:\/\/puzzleconsultoria.com.br\/index.php\/2024\/06\/17\/desvendando-a-lucratividade-o-segredo-do-sucesso-no-seu-negocio\/\"><\/a><br \/>\n                <img fetchpriority=\"high\" width=\"300\" height=\"168\" src=\"https:\/\/puzzleconsultoria.com.br\/wp-content\/uploads\/2024\/06\/images.jpeg\" alt=\"\" decoding=\"async\" \/><\/p>\n<header>\n<h2><a\n                        href=\"https:\/\/puzzleconsultoria.com.br\/index.php\/2024\/06\/17\/desvendando-a-lucratividade-o-segredo-do-sucesso-no-seu-negocio\/\"\n                        title=\"Desvendando a Lucratividade: O Segredo do Sucesso no seu neg\u00f3cio\">Desvendando a Lucratividade: O Segredo do Sucesso no seu neg\u00f3cio<\/a><\/h2>\n<\/header>\n<p>Um dos indicadores cruciais para todo empres\u00e1rio e empreendedor \u00e9&#8230;<\/p>\n<p><a\n                            href=\"https:\/\/puzzleconsultoria.com.br\/index.php\/2024\/06\/17\/desvendando-a-lucratividade-o-segredo-do-sucesso-no-seu-negocio\/\"\n                           >Leia mais<\/a><br \/>\n                    <a href=\"https:\/\/puzzleconsultoria.com.br\/index.php\/author\/tiagocorrea-dsgn\/\"><img alt='tiagocorrea.dsgn' src='https:\/\/secure.gravatar.com\/avatar\/5c9309e573dd61cbd6dcd08f7baa9aca?s=96&#038;d=mm&#038;r=g' srcset='https:\/\/secure.gravatar.com\/avatar\/5c9309e573dd61cbd6dcd08f7baa9aca?s=192&#038;d=mm&#038;r=g 2x' class='avatar avatar-96 photo' height='96' width='96' decoding='async'\/><\/a><a href=\"https:\/\/puzzleconsultoria.com.br\/index.php\/author\/tiagocorrea-dsgn\/\" title=\"Posts de tiagocorrea.dsgn\" rel=\"author\">tiagocorrea.dsgn<\/a><time datetime=\"17 de junho de 2024\">17 de junho de 2024<\/time><br \/>\n    <\/article>\n<article data-id=\"1976\">\n            <a href=\"https:\/\/puzzleconsultoria.com.br\/index.php\/2024\/06\/17\/alavancando-o-sucesso-nos-negocios-de-servicos-as-metricas-chave-para-o-crescimento-sustentavel\/\"><\/a><br \/>\n                <img width=\"300\" height=\"169\" src=\"https:\/\/puzzleconsultoria.com.br\/wp-content\/uploads\/2024\/06\/reuniao-escritorio-mesa-notebook-300x169.jpg\" alt=\"\" decoding=\"async\" srcset=\"https:\/\/puzzleconsultoria.com.br\/wp-content\/uploads\/2024\/06\/reuniao-escritorio-mesa-notebook-300x169.jpg 300w, https:\/\/puzzleconsultoria.com.br\/wp-content\/uploads\/2024\/06\/reuniao-escritorio-mesa-notebook-1024x576.jpg 1024w, https:\/\/puzzleconsultoria.com.br\/wp-content\/uploads\/2024\/06\/reuniao-escritorio-mesa-notebook-768x432.jpg 768w, https:\/\/puzzleconsultoria.com.br\/wp-content\/uploads\/2024\/06\/reuniao-escritorio-mesa-notebook-1536x864.jpg 1536w, https:\/\/puzzleconsultoria.com.br\/wp-content\/uploads\/2024\/06\/reuniao-escritorio-mesa-notebook.jpg 1920w\" sizes=\"(max-width: 300px) 100vw, 300px\" \/><\/p>\n<header>\n<h2><a\n                        href=\"https:\/\/puzzleconsultoria.com.br\/index.php\/2024\/06\/17\/alavancando-o-sucesso-nos-negocios-de-servicos-as-metricas-chave-para-o-crescimento-sustentavel\/\"\n                        title=\"Alavancando o Sucesso nos Neg\u00f3cios de Servi\u00e7os: As M\u00e9tricas Chave para o Crescimento Sustent\u00e1vel\">Alavancando o Sucesso nos Neg\u00f3cios de Servi\u00e7os: As M\u00e9tricas Chave para o Crescimento Sustent\u00e1vel<\/a><\/h2>\n<\/header>\n<p>No universo altamente competitivo dos neg\u00f3cios de servi\u00e7os, cada decis\u00e3o&#8230;<\/p>\n<p><a\n                            href=\"https:\/\/puzzleconsultoria.com.br\/index.php\/2024\/06\/17\/alavancando-o-sucesso-nos-negocios-de-servicos-as-metricas-chave-para-o-crescimento-sustentavel\/\"\n                           >Leia mais<\/a><br \/>\n                    <a href=\"https:\/\/puzzleconsultoria.com.br\/index.php\/author\/tiagocorrea-dsgn\/\"><img alt='tiagocorrea.dsgn' src='https:\/\/secure.gravatar.com\/avatar\/5c9309e573dd61cbd6dcd08f7baa9aca?s=96&#038;d=mm&#038;r=g' srcset='https:\/\/secure.gravatar.com\/avatar\/5c9309e573dd61cbd6dcd08f7baa9aca?s=192&#038;d=mm&#038;r=g 2x' class='avatar avatar-96 photo' height='96' width='96' decoding='async'\/><\/a><a href=\"https:\/\/puzzleconsultoria.com.br\/index.php\/author\/tiagocorrea-dsgn\/\" title=\"Posts de tiagocorrea.dsgn\" rel=\"author\">tiagocorrea.dsgn<\/a><time datetime=\"17 de junho de 2024\">17 de junho de 2024<\/time><br \/>\n    <\/article>\n<article data-id=\"1972\">\n            <a href=\"https:\/\/puzzleconsultoria.com.br\/index.php\/2024\/06\/17\/estrategias-de-crescimento-expansao-de-mercado-para-pequenas-de-medias-empresas\/\"><\/a><br \/>\n                <img loading=\"lazy\" width=\"300\" height=\"200\" src=\"https:\/\/puzzleconsultoria.com.br\/wp-content\/uploads\/2024\/06\/muitos-graficos-e-graficos-de-negocios-na-mesa-do-escritorio-analise-de-papeis-coleta-de-dados-conceito-de-contabilidade_359031-39488-300x200.avif\" alt=\"\" decoding=\"async\" srcset=\"https:\/\/puzzleconsultoria.com.br\/wp-content\/uploads\/2024\/06\/muitos-graficos-e-graficos-de-negocios-na-mesa-do-escritorio-analise-de-papeis-coleta-de-dados-conceito-de-contabilidade_359031-39488-300x200.avif 300w, https:\/\/puzzleconsultoria.com.br\/wp-content\/uploads\/2024\/06\/muitos-graficos-e-graficos-de-negocios-na-mesa-do-escritorio-analise-de-papeis-coleta-de-dados-conceito-de-contabilidade_359031-39488.avif 626w\" sizes=\"(max-width: 300px) 100vw, 300px\" \/><\/p>\n<header>\n<h2><a\n                        href=\"https:\/\/puzzleconsultoria.com.br\/index.php\/2024\/06\/17\/estrategias-de-crescimento-expansao-de-mercado-para-pequenas-de-medias-empresas\/\"\n                        title=\"Estrat\u00e9gias de Crescimento: Expans\u00e3o de Mercado para pequenas de m\u00e9dias empresas\">Estrat\u00e9gias de Crescimento: Expans\u00e3o de Mercado para pequenas de m\u00e9dias empresas<\/a><\/h2>\n<\/header>\n<p>No din\u00e2mico mundo dos neg\u00f3cios, crescer n\u00e3o \u00e9 apenas uma&#8230;<\/p>\n<p><a\n                            href=\"https:\/\/puzzleconsultoria.com.br\/index.php\/2024\/06\/17\/estrategias-de-crescimento-expansao-de-mercado-para-pequenas-de-medias-empresas\/\"\n                           >Leia mais<\/a><br \/>\n                    <a href=\"https:\/\/puzzleconsultoria.com.br\/index.php\/author\/tiagocorrea-dsgn\/\"><img alt='tiagocorrea.dsgn' src='https:\/\/secure.gravatar.com\/avatar\/5c9309e573dd61cbd6dcd08f7baa9aca?s=96&#038;d=mm&#038;r=g' srcset='https:\/\/secure.gravatar.com\/avatar\/5c9309e573dd61cbd6dcd08f7baa9aca?s=192&#038;d=mm&#038;r=g 2x' class='avatar avatar-96 photo' height='96' width='96' decoding='async'\/><\/a><a href=\"https:\/\/puzzleconsultoria.com.br\/index.php\/author\/tiagocorrea-dsgn\/\" title=\"Posts de tiagocorrea.dsgn\" rel=\"author\">tiagocorrea.dsgn<\/a><time datetime=\"17 de junho de 2024\">17 de junho de 2024<\/time><br \/>\n    <\/article>\n<article data-id=\"1969\">\n            <a href=\"https:\/\/puzzleconsultoria.com.br\/index.php\/2024\/06\/17\/a-importancia-de-estruturar-a-gestao-financeira-e-desenvolver-a-capacidade-de-analise-para-decisoes-seguras\/\"><\/a><br \/>\n                <img loading=\"lazy\" width=\"300\" height=\"200\" src=\"https:\/\/puzzleconsultoria.com.br\/wp-content\/uploads\/2024\/06\/Locacao-de-notebooks-vale-a-pena-Ecotelecom-vivo-empresas-300x200.jpg\" alt=\"\" decoding=\"async\" srcset=\"https:\/\/puzzleconsultoria.com.br\/wp-content\/uploads\/2024\/06\/Locacao-de-notebooks-vale-a-pena-Ecotelecom-vivo-empresas-300x200.jpg 300w, https:\/\/puzzleconsultoria.com.br\/wp-content\/uploads\/2024\/06\/Locacao-de-notebooks-vale-a-pena-Ecotelecom-vivo-empresas-768x512.jpg 768w, https:\/\/puzzleconsultoria.com.br\/wp-content\/uploads\/2024\/06\/Locacao-de-notebooks-vale-a-pena-Ecotelecom-vivo-empresas.jpg 1000w\" sizes=\"(max-width: 300px) 100vw, 300px\" \/><\/p>\n<header>\n<h2><a\n                        href=\"https:\/\/puzzleconsultoria.com.br\/index.php\/2024\/06\/17\/a-importancia-de-estruturar-a-gestao-financeira-e-desenvolver-a-capacidade-de-analise-para-decisoes-seguras\/\"\n                        title=\"A Import\u00e2ncia de Estruturar a Gest\u00e3o Financeira e Desenvolver a Capacidade de An\u00e1lise para Decis\u00f5es Seguras\">A Import\u00e2ncia de Estruturar a Gest\u00e3o Financeira e Desenvolver a Capacidade de An\u00e1lise para Decis\u00f5es Seguras<\/a><\/h2>\n<\/header>\n<p>No cen\u00e1rio empresarial atual, estruturar uma gest\u00e3o financeira eficaz e&#8230;<\/p>\n<p><a\n                            href=\"https:\/\/puzzleconsultoria.com.br\/index.php\/2024\/06\/17\/a-importancia-de-estruturar-a-gestao-financeira-e-desenvolver-a-capacidade-de-analise-para-decisoes-seguras\/\"\n                           >Leia mais<\/a><br \/>\n                    <a href=\"https:\/\/puzzleconsultoria.com.br\/index.php\/author\/tiagocorrea-dsgn\/\"><img alt='tiagocorrea.dsgn' src='https:\/\/secure.gravatar.com\/avatar\/5c9309e573dd61cbd6dcd08f7baa9aca?s=96&#038;d=mm&#038;r=g' srcset='https:\/\/secure.gravatar.com\/avatar\/5c9309e573dd61cbd6dcd08f7baa9aca?s=192&#038;d=mm&#038;r=g 2x' class='avatar avatar-96 photo' height='96' width='96' decoding='async'\/><\/a><a href=\"https:\/\/puzzleconsultoria.com.br\/index.php\/author\/tiagocorrea-dsgn\/\" title=\"Posts de tiagocorrea.dsgn\" rel=\"author\">tiagocorrea.dsgn<\/a><time datetime=\"17 de junho de 2024\">17 de junho de 2024<\/time><br \/>\n    <\/article>\n<h2>Posts recentes<\/h2>\n<p>                            <a href=\"javascript:;\" data-taxonomy=\"all\" data-id=\"\">All<\/a><a href=\"https:\/\/puzzleconsultoria.com.br\/index.php\/2024\/06\/17\/desvendando-a-lucratividade-o-segredo-do-sucesso-no-seu-negocio\/\"><br \/>\n                            <img decoding=\"async\" src=\"https:\/\/puzzleconsultoria.com.br\/wp-content\/uploads\/2024\/06\/images.jpeg\" alt=\"\"><br \/>\n                        <\/a><\/p>\n<h2><a href=\"https:\/\/puzzleconsultoria.com.br\/index.php\/2024\/06\/17\/desvendando-a-lucratividade-o-segredo-do-sucesso-no-seu-negocio\/\" >Desvendando a Lucratividade: O Segredo do Sucesso no seu neg\u00f3cio<\/a><\/h2>\n<p>                     17 de junho de 2024<br \/>\n                <a href=\"https:\/\/puzzleconsultoria.com.br\/index.php\/2024\/06\/17\/alavancando-o-sucesso-nos-negocios-de-servicos-as-metricas-chave-para-o-crescimento-sustentavel\/\"><br \/>\n                            <img decoding=\"async\" src=\"https:\/\/puzzleconsultoria.com.br\/wp-content\/uploads\/2024\/06\/reuniao-escritorio-mesa-notebook-1024x576.jpg\" alt=\"\"><br \/>\n                        <\/a><\/p>\n<h2><a href=\"https:\/\/puzzleconsultoria.com.br\/index.php\/2024\/06\/17\/alavancando-o-sucesso-nos-negocios-de-servicos-as-metricas-chave-para-o-crescimento-sustentavel\/\" >Alavancando o Sucesso nos Neg\u00f3cios de Servi\u00e7os: As M\u00e9tricas Chave para o Crescimento Sustent\u00e1vel<\/a><\/h2>\n<p>                     17 de junho de 2024<br \/>\n                <a href=\"https:\/\/puzzleconsultoria.com.br\/index.php\/2024\/06\/17\/estrategias-de-crescimento-expansao-de-mercado-para-pequenas-de-medias-empresas\/\"><br \/>\n                            <img decoding=\"async\" src=\"https:\/\/puzzleconsultoria.com.br\/wp-content\/uploads\/2024\/06\/muitos-graficos-e-graficos-de-negocios-na-mesa-do-escritorio-analise-de-papeis-coleta-de-dados-conceito-de-contabilidade_359031-39488.avif\" alt=\"\"><br \/>\n                        <\/a><\/p>\n<h2><a href=\"https:\/\/puzzleconsultoria.com.br\/index.php\/2024\/06\/17\/estrategias-de-crescimento-expansao-de-mercado-para-pequenas-de-medias-empresas\/\" >Estrat\u00e9gias de Crescimento: Expans\u00e3o de Mercado para pequenas de m\u00e9dias empresas<\/a><\/h2>\n<p>                     17 de junho de 2024<br \/>\n                <a href=\"https:\/\/puzzleconsultoria.com.br\/index.php\/2024\/06\/17\/a-importancia-de-estruturar-a-gestao-financeira-e-desenvolver-a-capacidade-de-analise-para-decisoes-seguras\/\"><br \/>\n                            <img decoding=\"async\" src=\"https:\/\/puzzleconsultoria.com.br\/wp-content\/uploads\/2024\/06\/Locacao-de-notebooks-vale-a-pena-Ecotelecom-vivo-empresas.jpg\" alt=\"\"><br \/>\n                        <\/a><\/p>\n<h2><a href=\"https:\/\/puzzleconsultoria.com.br\/index.php\/2024\/06\/17\/a-importancia-de-estruturar-a-gestao-financeira-e-desenvolver-a-capacidade-de-analise-para-decisoes-seguras\/\" >A Import\u00e2ncia de Estruturar a Gest\u00e3o Financeira e Desenvolver a Capacidade de An\u00e1lise para Decis\u00f5es Seguras<\/a><\/h2>\n<p>                     17 de junho de 2024<br \/>\n                <button id=\"post-nav-prev-e0646ee\" disabled=\"true\"><svg aria-hidden=\"true\" viewBox=\"0 0 256 512\" xmlns=\"http:\/\/www.w3.org\/2000\/svg\"><path d=\"M31.7 239l136-136c9.4-9.4 24.6-9.4 33.9 0l22.6 22.6c9.4 9.4 9.4 24.6 0 33.9L127.9 256l96.4 96.4c9.4 9.4 9.4 24.6 0 33.9L201.7 409c-9.4 9.4-24.6 9.4-33.9 0l-136-136c-9.5-9.4-9.5-24.6-.1-34z\"><\/path><\/svg><\/button><button id=\"post-nav-next-e0646ee\"><svg aria-hidden=\"true\" viewBox=\"0 0 256 512\" xmlns=\"http:\/\/www.w3.org\/2000\/svg\"><path d=\"M224.3 273l-136 136c-9.4 9.4-24.6 9.4-33.9 0l-22.6-22.6c-9.4-9.4-9.4-24.6 0-33.9l96.4-96.4-96.4-96.4c-9.4-9.4-9.4-24.6 0-33.9L54.3 103c9.4-9.4 24.6-9.4 33.9 0l136 136c9.5 9.4 9.5 24.6.1 34z\"><\/path><\/svg><\/button><\/p>\n<p>Vamos transformar<\/p>\n<p>o seu neg\u00f3cio?<\/p>\n<ul>\n<li>\n\t\t\t\t\t\t\t<svg aria-hidden=\"true\" viewBox=\"0 0 448 512\" xmlns=\"http:\/\/www.w3.org\/2000\/svg\"><path d=\"M380.9 97.1C339 55.1 283.2 32 223.9 32c-122.4 0-222 99.6-222 222 0 39.1 10.2 77.3 29.6 111L0 480l117.7-30.9c32.4 17.7 68.9 27 106.1 27h.1c122.3 0 224.1-99.6 224.1-222 0-59.3-25.2-115-67.1-157zm-157 341.6c-33.2 0-65.7-8.9-94-25.7l-6.7-4-69.8 18.3L72 359.2l-4.4-7c-18.5-29.4-28.2-63.3-28.2-98.2 0-101.7 82.8-184.5 184.6-184.5 49.3 0 95.6 19.2 130.4 54.1 34.8 34.9 56.2 81.2 56.1 130.5 0 101.8-84.9 184.6-186.6 184.6zm101.2-138.2c-5.5-2.8-32.8-16.2-37.9-18-5.1-1.9-8.8-2.8-12.5 2.8-3.7 5.6-14.3 18-17.6 21.8-3.2 3.7-6.5 4.2-12 1.4-32.6-16.3-54-29.1-75.5-66-5.7-9.8 5.7-9.1 16.3-30.3 1.8-3.7.9-6.9-.5-9.7-1.4-2.8-12.5-30.1-17.1-41.2-4.5-10.8-9.1-9.3-12.5-9.5-3.2-.2-6.9-.2-10.6-.2-3.7 0-9.7 1.4-14.8 6.9-5.1 5.6-19.4 19-19.4 46.3 0 27.3 19.9 53.7 22.6 57.4 2.8 3.7 39.1 59.7 94.8 83.8 35.2 15.2 49 16.5 66.6 13.9 10.7-1.6 32.8-13.4 37.4-26.4 4.6-13 4.6-24.1 3.2-26.4-1.3-2.5-5-3.9-10.5-6.6z\"><\/path><\/svg><br \/>\n\t\t\t\t\t\t\t\t\t\t(51) 99226-8849\n\t\t\t\t\t\t\t\t\t<\/li>\n<li>\n\t\t\t\t\t\t\t\t\t\tcontato@puzzleconsultoria.com.br\n\t\t\t\t\t\t\t\t\t<\/li>\n<li>\n\t\t\t\t\t\t\t<svg aria-hidden=\"true\" viewBox=\"0 0 448 512\" xmlns=\"http:\/\/www.w3.org\/2000\/svg\"><path d=\"M416 32H31.9C14.3 32 0 46.5 0 64.3v383.4C0 465.5 14.3 480 31.9 480H416c17.6 0 32-14.5 32-32.3V64.3c0-17.8-14.4-32.3-32-32.3zM135.4 416H69V202.2h66.5V416zm-33.2-243c-21.3 0-38.5-17.3-38.5-38.5S80.9 96 102.2 96c21.2 0 38.5 17.3 38.5 38.5 0 21.3-17.2 38.5-38.5 38.5zm282.1 243h-66.4V312c0-24.8-.5-56.7-34.5-56.7-34.6 0-39.9 27-39.9 54.9V416h-66.4V202.2h63.7v29.2h.9c8.9-16.8 30.6-34.5 62.9-34.5 67.2 0 79.7 44.3 79.7 101.9V416z\"><\/path><\/svg><br \/>\n\t\t\t\t\t\t\t\t\t\tlinkedin.com\/company\/puzzle-negocios\n\t\t\t\t\t\t\t\t\t<\/li>\n<li>\n\t\t\t\t\t\t\t<svg aria-hidden=\"true\" viewBox=\"0 0 448 512\" xmlns=\"http:\/\/www.w3.org\/2000\/svg\"><path d=\"M224.1 141c-63.6 0-114.9 51.3-114.9 114.9s51.3 114.9 114.9 114.9S339 319.5 339 255.9 287.7 141 224.1 141zm0 189.6c-41.1 0-74.7-33.5-74.7-74.7s33.5-74.7 74.7-74.7 74.7 33.5 74.7 74.7-33.6 74.7-74.7 74.7zm146.4-194.3c0 14.9-12 26.8-26.8 26.8-14.9 0-26.8-12-26.8-26.8s12-26.8 26.8-26.8 26.8 12 26.8 26.8zm76.1 27.2c-1.7-35.9-9.9-67.7-36.2-93.9-26.2-26.2-58-34.4-93.9-36.2-37-2.1-147.9-2.1-184.9 0-35.8 1.7-67.6 9.9-93.9 36.1s-34.4 58-36.2 93.9c-2.1 37-2.1 147.9 0 184.9 1.7 35.9 9.9 67.7 36.2 93.9s58 34.4 93.9 36.2c37 2.1 147.9 2.1 184.9 0 35.9-1.7 67.7-9.9 93.9-36.2 26.2-26.2 34.4-58 36.2-93.9 2.1-37 2.1-147.8 0-184.8zM398.8 388c-7.8 19.6-22.9 34.7-42.6 42.6-29.5 11.7-99.5 9-132.1 9s-102.7 2.6-132.1-9c-19.6-7.8-34.7-22.9-42.6-42.6-11.7-29.5-9-99.5-9-132.1s-2.6-102.7 9-132.1c7.8-19.6 22.9-34.7 42.6-42.6 29.5-11.7 99.5-9 132.1-9s102.7-2.6 132.1 9c19.6 7.8 34.7 22.9 42.6 42.6 11.7 29.5 9 99.5 9 132.1s2.7 102.7-9 132.1z\"><\/path><\/svg><br \/>\n\t\t\t\t\t\t\t\t\t\t@pnegociosinteligentes\n\t\t\t\t\t\t\t\t\t<\/li>\n<\/ul>\n<p>Todos os direitos reservados a Puzzle Consultoria<\/p>\n","protected":false},"excerpt":{"rendered":"<p>Seja bem-vindo ao Blog da Puzzle Desvendando a Lucratividade: O Segredo do Sucesso no seu neg\u00f3cio Um dos indicadores cruciais para todo empres\u00e1rio e empreendedor \u00e9&#8230; Leia mais tiagocorrea.dsgn17 de junho de 2024 Alavancando o Sucesso nos Neg\u00f3cios de Servi\u00e7os: As M\u00e9tricas Chave para o Crescimento Sustent\u00e1vel No universo altamente competitivo dos neg\u00f3cios de servi\u00e7os, [&hellip;]<\/p>\n","protected":false},"author":1,"featured_media":0,"parent":0,"menu_order":0,"comment_status":"closed","ping_status":"closed","template":"","meta":{"_joinchat":[],"footnotes":""},"class_list":["post-63","page","type-page","status-publish","hentry"],"yoast_head":"<!-- This site is optimized with the Yoast SEO plugin v25.6 - https:\/\/yoast.com\/wordpress\/plugins\/seo\/ -->\n<title>Blog - Puzzle Consultoria<\/title>\n<meta name=\"robots\" content=\"index, follow, max-snippet:-1, max-image-preview:large, max-video-preview:-1\" \/>\n<link rel=\"canonical\" href=\"https:\/\/puzzleconsultoria.com.br\/index.php\/blog\/\" \/>\n<meta property=\"og:locale\" content=\"pt_BR\" \/>\n<meta property=\"og:type\" content=\"article\" \/>\n<meta property=\"og:title\" content=\"Blog - Puzzle Consultoria\" \/>\n<meta property=\"og:description\" content=\"Seja bem-vindo ao Blog da Puzzle Desvendando a Lucratividade: O Segredo do Sucesso no seu neg\u00f3cio Um dos indicadores cruciais para todo empres\u00e1rio e empreendedor \u00e9&#8230; Leia mais tiagocorrea.dsgn17 de junho de 2024 Alavancando o Sucesso nos Neg\u00f3cios de Servi\u00e7os: As M\u00e9tricas Chave para o Crescimento Sustent\u00e1vel No universo altamente competitivo dos neg\u00f3cios de servi\u00e7os, [&hellip;]\" \/>\n<meta property=\"og:url\" content=\"https:\/\/puzzleconsultoria.com.br\/index.php\/blog\/\" \/>\n<meta property=\"og:site_name\" content=\"Puzzle Consultoria\" \/>\n<meta property=\"article:modified_time\" content=\"2025-02-27T20:10:43+00:00\" \/>\n<meta property=\"og:image\" content=\"https:\/\/puzzleconsultoria.com.br\/wp-content\/uploads\/2024\/04\/logo-puzzle-semfundo.png\" \/>\n<meta name=\"twitter:card\" content=\"summary_large_image\" \/>\n<meta name=\"twitter:label1\" content=\"Est. tempo de leitura\" \/>\n\t<meta name=\"twitter:data1\" content=\"4 minutos\" \/>\n<script type=\"application\/ld+json\" class=\"yoast-schema-graph\">{\"@context\":\"https:\/\/schema.org\",\"@graph\":[{\"@type\":\"WebPage\",\"@id\":\"https:\/\/puzzleconsultoria.com.br\/index.php\/blog\/\",\"url\":\"https:\/\/puzzleconsultoria.com.br\/index.php\/blog\/\",\"name\":\"Blog - Puzzle Consultoria\",\"isPartOf\":{\"@id\":\"https:\/\/puzzleconsultoria.com.br\/#website\"},\"primaryImageOfPage\":{\"@id\":\"https:\/\/puzzleconsultoria.com.br\/index.php\/blog\/#primaryimage\"},\"image\":{\"@id\":\"https:\/\/puzzleconsultoria.com.br\/index.php\/blog\/#primaryimage\"},\"thumbnailUrl\":\"https:\/\/puzzleconsultoria.com.br\/wp-content\/uploads\/2024\/04\/logo-puzzle-semfundo.png\",\"datePublished\":\"2024-04-15T19:35:11+00:00\",\"dateModified\":\"2025-02-27T20:10:43+00:00\",\"breadcrumb\":{\"@id\":\"https:\/\/puzzleconsultoria.com.br\/index.php\/blog\/#breadcrumb\"},\"inLanguage\":\"pt-BR\",\"potentialAction\":[{\"@type\":\"ReadAction\",\"target\":[\"https:\/\/puzzleconsultoria.com.br\/index.php\/blog\/\"]}]},{\"@type\":\"ImageObject\",\"inLanguage\":\"pt-BR\",\"@id\":\"https:\/\/puzzleconsultoria.com.br\/index.php\/blog\/#primaryimage\",\"url\":\"https:\/\/puzzleconsultoria.com.br\/wp-content\/uploads\/2024\/04\/logo-puzzle-semfundo.png\",\"contentUrl\":\"https:\/\/puzzleconsultoria.com.br\/wp-content\/uploads\/2024\/04\/logo-puzzle-semfundo.png\",\"width\":298,\"height\":135},{\"@type\":\"BreadcrumbList\",\"@id\":\"https:\/\/puzzleconsultoria.com.br\/index.php\/blog\/#breadcrumb\",\"itemListElement\":[{\"@type\":\"ListItem\",\"position\":1,\"name\":\"In\u00edcio\",\"item\":\"https:\/\/puzzleconsultoria.com.br\/\"},{\"@type\":\"ListItem\",\"position\":2,\"name\":\"Blog\"}]},{\"@type\":\"WebSite\",\"@id\":\"https:\/\/puzzleconsultoria.com.br\/#website\",\"url\":\"https:\/\/puzzleconsultoria.com.br\/\",\"name\":\"Puzzle Consultoria\",\"description\":\"\",\"publisher\":{\"@id\":\"https:\/\/puzzleconsultoria.com.br\/#organization\"},\"potentialAction\":[{\"@type\":\"SearchAction\",\"target\":{\"@type\":\"EntryPoint\",\"urlTemplate\":\"https:\/\/puzzleconsultoria.com.br\/?s={search_term_string}\"},\"query-input\":{\"@type\":\"PropertyValueSpecification\",\"valueRequired\":true,\"valueName\":\"search_term_string\"}}],\"inLanguage\":\"pt-BR\"},{\"@type\":\"Organization\",\"@id\":\"https:\/\/puzzleconsultoria.com.br\/#organization\",\"name\":\"Puzzle Consultoria\",\"url\":\"https:\/\/puzzleconsultoria.com.br\/\",\"logo\":{\"@type\":\"ImageObject\",\"inLanguage\":\"pt-BR\",\"@id\":\"https:\/\/puzzleconsultoria.com.br\/#\/schema\/logo\/image\/\",\"url\":\"https:\/\/puzzleconsultoria.com.br\/wp-content\/uploads\/2024\/04\/logo-puzzle-semfundo.png\",\"contentUrl\":\"https:\/\/puzzleconsultoria.com.br\/wp-content\/uploads\/2024\/04\/logo-puzzle-semfundo.png\",\"width\":298,\"height\":135,\"caption\":\"Puzzle Consultoria\"},\"image\":{\"@id\":\"https:\/\/puzzleconsultoria.com.br\/#\/schema\/logo\/image\/\"},\"sameAs\":[\"https:\/\/www.instagram.com\/pnegociosinteligentes\/\"]}]}<\/script>\n<!-- \/ Yoast SEO plugin. -->","yoast_head_json":{"title":"Blog - Puzzle Consultoria","robots":{"index":"index","follow":"follow","max-snippet":"max-snippet:-1","max-image-preview":"max-image-preview:large","max-video-preview":"max-video-preview:-1"},"canonical":"https:\/\/puzzleconsultoria.com.br\/index.php\/blog\/","og_locale":"pt_BR","og_type":"article","og_title":"Blog - Puzzle Consultoria","og_description":"Seja bem-vindo ao Blog da Puzzle Desvendando a Lucratividade: O Segredo do Sucesso no seu neg\u00f3cio Um dos indicadores cruciais para todo empres\u00e1rio e empreendedor \u00e9&#8230; Leia mais tiagocorrea.dsgn17 de junho de 2024 Alavancando o Sucesso nos Neg\u00f3cios de Servi\u00e7os: As M\u00e9tricas Chave para o Crescimento Sustent\u00e1vel No universo altamente competitivo dos neg\u00f3cios de servi\u00e7os, [&hellip;]","og_url":"https:\/\/puzzleconsultoria.com.br\/index.php\/blog\/","og_site_name":"Puzzle Consultoria","article_modified_time":"2025-02-27T20:10:43+00:00","og_image":[{"url":"https:\/\/puzzleconsultoria.com.br\/wp-content\/uploads\/2024\/04\/logo-puzzle-semfundo.png","type":"","width":"","height":""}],"twitter_card":"summary_large_image","twitter_misc":{"Est. tempo de leitura":"4 minutos"},"schema":{"@context":"https:\/\/schema.org","@graph":[{"@type":"WebPage","@id":"https:\/\/puzzleconsultoria.com.br\/index.php\/blog\/","url":"https:\/\/puzzleconsultoria.com.br\/index.php\/blog\/","name":"Blog - Puzzle Consultoria","isPartOf":{"@id":"https:\/\/puzzleconsultoria.com.br\/#website"},"primaryImageOfPage":{"@id":"https:\/\/puzzleconsultoria.com.br\/index.php\/blog\/#primaryimage"},"image":{"@id":"https:\/\/puzzleconsultoria.com.br\/index.php\/blog\/#primaryimage"},"thumbnailUrl":"https:\/\/puzzleconsultoria.com.br\/wp-content\/uploads\/2024\/04\/logo-puzzle-semfundo.png","datePublished":"2024-04-15T19:35:11+00:00","dateModified":"2025-02-27T20:10:43+00:00","breadcrumb":{"@id":"https:\/\/puzzleconsultoria.com.br\/index.php\/blog\/#breadcrumb"},"inLanguage":"pt-BR","potentialAction":[{"@type":"ReadAction","target":["https:\/\/puzzleconsultoria.com.br\/index.php\/blog\/"]}]},{"@type":"ImageObject","inLanguage":"pt-BR","@id":"https:\/\/puzzleconsultoria.com.br\/index.php\/blog\/#primaryimage","url":"https:\/\/puzzleconsultoria.com.br\/wp-content\/uploads\/2024\/04\/logo-puzzle-semfundo.png","contentUrl":"https:\/\/puzzleconsultoria.com.br\/wp-content\/uploads\/2024\/04\/logo-puzzle-semfundo.png","width":298,"height":135},{"@type":"BreadcrumbList","@id":"https:\/\/puzzleconsultoria.com.br\/index.php\/blog\/#breadcrumb","itemListElement":[{"@type":"ListItem","position":1,"name":"In\u00edcio","item":"https:\/\/puzzleconsultoria.com.br\/"},{"@type":"ListItem","position":2,"name":"Blog"}]},{"@type":"WebSite","@id":"https:\/\/puzzleconsultoria.com.br\/#website","url":"https:\/\/puzzleconsultoria.com.br\/","name":"Puzzle Consultoria","description":"","publisher":{"@id":"https:\/\/puzzleconsultoria.com.br\/#organization"},"potentialAction":[{"@type":"SearchAction","target":{"@type":"EntryPoint","urlTemplate":"https:\/\/puzzleconsultoria.com.br\/?s={search_term_string}"},"query-input":{"@type":"PropertyValueSpecification","valueRequired":true,"valueName":"search_term_string"}}],"inLanguage":"pt-BR"},{"@type":"Organization","@id":"https:\/\/puzzleconsultoria.com.br\/#organization","name":"Puzzle Consultoria","url":"https:\/\/puzzleconsultoria.com.br\/","logo":{"@type":"ImageObject","inLanguage":"pt-BR","@id":"https:\/\/puzzleconsultoria.com.br\/#\/schema\/logo\/image\/","url":"https:\/\/puzzleconsultoria.com.br\/wp-content\/uploads\/2024\/04\/logo-puzzle-semfundo.png","contentUrl":"https:\/\/puzzleconsultoria.com.br\/wp-content\/uploads\/2024\/04\/logo-puzzle-semfundo.png","width":298,"height":135,"caption":"Puzzle Consultoria"},"image":{"@id":"https:\/\/puzzleconsultoria.com.br\/#\/schema\/logo\/image\/"},"sameAs":["https:\/\/www.instagram.com\/pnegociosinteligentes\/"]}]}},"_links":{"self":[{"href":"https:\/\/puzzleconsultoria.com.br\/index.php\/wp-json\/wp\/v2\/pages\/63"}],"collection":[{"href":"https:\/\/puzzleconsultoria.com.br\/index.php\/wp-json\/wp\/v2\/pages"}],"about":[{"href":"https:\/\/puzzleconsultoria.com.br\/index.php\/wp-json\/wp\/v2\/types\/page"}],"author":[{"embeddable":true,"href":"https:\/\/puzzleconsultoria.com.br\/index.php\/wp-json\/wp\/v2\/users\/1"}],"replies":[{"embeddable":true,"href":"https:\/\/puzzleconsultoria.com.br\/index.php\/wp-json\/wp\/v2\/comments?post=63"}],"version-history":[{"count":36,"href":"https:\/\/puzzleconsultoria.com.br\/index.php\/wp-json\/wp\/v2\/pages\/63\/revisions"}],"predecessor-version":[{"id":2812,"href":"https:\/\/puzzleconsultoria.com.br\/index.php\/wp-json\/wp\/v2\/pages\/63\/revisions\/2812"}],"wp:attachment":[{"href":"https:\/\/puzzleconsultoria.com.br\/index.php\/wp-json\/wp\/v2\/media?parent=63"}],"curies":[{"name":"wp","href":"https:\/\/api.w.org\/{rel}","templated":true}]}}